r be (-5)/((-10)/(-88))*2. Let p = 34 + r. What are the prime factors of (18/27)/((-1)/p)?
2, 3
Let v = 69 - -822. List the prime factors of v.
3, 11
Suppose a + 5*b - 304 = 0, -4*a + 309 + 792 = -3*b. List the prime factors of a.
3, 31
Let a = 442 - 447. Let l(y) = -13*y**2 - 2*y + 2. Let f be l(-2). Let n = a - f. List the prime factors of n.
41
What are the prime factors of (-19)/(-38) + (-1 - (-14103)/6)?
2, 5, 47
Let h(q) = q**3 + 7*q**2 - 8*q. Let k be h(-8). Let a be 3/((-12)/(-16)) - k. Suppose -2*n = 2*o - 64, -125 - 1 = -a*n - 2*o. List the prime factors of n.
31
Suppose -4*x + 1518 + 2006 = 3*b, -x = -3*b - 881. What are the prime factors of x?
881
Let q be 4/(-18) - 12110/(-63). Suppose -5*g - q = -3*l, 5*g = -0*l - 4*l + 221. List the prime factors of l.
59
Suppose -5*r - 2*z = -7215, 28*r - 3*z = 23*r + 7240. What are the prime factors of r?
5, 17
Let h be (-64)/(-10) + 20/(-50). Let z be (28/h)/(4/(-30)). Let b = 67 + z. List the prime factors of b.
2
Let b be (-172)/(-24)*-2*-36. What are the prime factors of b/15 + 6/10?
5, 7
List the prime factors of ((-16)/136 - 0) + 1855/17.
109
Suppose 0 = 3*v + 3*c - 36, -2*c = 4*v - 5*c - 13. List the prime factors of v.
7
Let k = 3543 + -2045. List the prime factors of k.
2, 7, 107
Let k(w) = 2*w**2 + 26*w - 5. Let t(i) = i**2 + 24*i - 4. Let c(r) = -2*k(r) + 3*t(r). Let m be (-16)/(-5)*(7 + -2). List the prime factors of c(m).
2, 31
Suppose 2*n + n - 767 = 5*x, x - 2*n + 159 = 0. Suppose -3*i - 3*s = 315, 4*i - s = -479 + 64. Let y = i - x. What are the prime factors of y?
47
Let s = 164 + 78. Let q = -127 + s. List the prime factors of q.
5, 23
What are the prime factors of (-31 - -17)/(2/(-106))?
2, 7, 53
Let d(w) be the second derivative of -w**5/20 + w**4/3 + w**3/3 + 3*w**2 + 2*w. List the prime factors of d(4).
2, 7
Suppose -3*d = -0*d + 3, 0 = w - 5*d + 13. Suppose 0*l = 5*l + 75. Let i = l - w. What are the prime factors of i?
3
Let h = 70 - 64. Let j(o) = 2*o**2 + 6*o - 2*o**2 + o**2 + 2 - 11. What are the prime factors of j(h)?
3, 7
Let x be 636/15 - 2/20*4. Suppose -3*u + x + 18 = 0. What are the prime factors of u?
2, 5
Suppose -s = 5*t - 19 - 10, -3*t = -4*s + 1. Suppose 13*r - 72 = s*r. List the prime factors of r.
2
Suppose -4*f + 1769 = -v, -5*v + 13 = -2. Let l = -288 + f. List the prime factors of l.
5, 31
Suppose 18*p - 13*p + 195 = b, -954 = -5*b + 4*p. List the prime factors of b.
2, 5, 19
Let o = 228 - 409. Let q = o - -527. List the prime factors of q.
2, 173
Suppose 0 = c - 4*f - 592, c - 2*f - 1806 = -2*c. What are the prime factors of c?
2, 151
Let s be 15/(2 - 68/36). Let b(f) = -3*f**2 - 2*f - 3. Let c be b(4). Let r = s + c. What are the prime factors of r?
2, 19
Suppose 0 = -o + 3*o. Let q be (-1)/(-4*2/24). Suppose o = q*k - 2*k - 55. What are the prime factors of k?
5, 11
What are the prime factors of (66/(-8) - -3)/((-75)/9800)?
2, 7
Let t(z) = -16*z + 9. Let r(l) = l**2 - 5*l - 1. Let s be r(4). List the prime factors of t(s).
89
Let b be 10/2 - (0/(-3))/2. Suppose -b*q = -5*r - 205, -4*q + r - 75 = -248. List the prime factors of q.
2, 11
Let m(j) = j**2 - 6*j + 12. Let y be m(4). Suppose -y*v + 13 = 5, -4*v = g - 13. Suppose q = 5*z - 135, 2*q = -g*z - 3*q + 105. What are the prime factors of z?
2, 13
Let u(l) = 12*l - 15*l + 7 + 10*l. What are the prime factors of u(4)?
5, 7
Let i = 276 - 167. Let r = i + -33. Suppose r = 5*q - 14. List the prime factors of q.
2, 3
Let w(i) = -i**3 + 8*i**2 - 9*i + 7. Suppose 61 = -3*j + 79. List the prime factors of w(j).
5
Suppose -1403 = -4*d - 5*p, 2*p - 3*p - 1 = 0. Let a be (d/40)/(2/(-15)). Let j = -43 - a. List the prime factors of j.
23
Suppose 5*x + 20 = -5*w, -11 = 4*x + 5*w + 6. Let n be 1/(x/(-12)) - 2. What are the prime factors of 9 - (0 - -3 - n)?
2
Suppose -50*y - 3*l - 6580 = -55*y, -5*l = 4*y - 5264. What are the prime factors of y?
2, 7, 47
Let l = -410 + 618. Let z = l + -111. List the prime factors of z.
97
Suppose 3*i + 1266 = 3*v, 28*v + 2*i + 417 = 29*v. What are the prime factors of v?
7, 61
Let y = 12 + -7. Suppose 195 = 10*r + y*r. List the prime factors of r.
13
Let u(r) = -r**3 + 10*r**2 - 13*r + 19. Let j be u(9). List the prime factors of (1 + -2)/((170/540)/j).
2, 3
List the prime factors of (-3)/(-12)*12 + 2578.
29, 89
Suppose 4*y + 464 = -4*w, -5*y - 559 - 3 = -4*w. Let n = -72 - y. What are the prime factors of n?
2, 3, 7
Let t(q) = -q - 5. Let b be t(-13). Suppose -7*d + b*d - 4 = 0. What are the prime factors of d?
2
Let w(t) = -t**3 - 7*t**2 - 2*t - 5. Let d be w(-5). Let y be (-10)/d - (-374)/18. Suppose 0 = -7*r + 4*r + y. What are the prime factors of r?
7
List the prime factors of 267/(-445) + 13798/5.
31, 89
Suppose 1511 = 5*h - 2*q, q - 4*q = -4*h + 1206. List the prime factors of h.
3, 101
Let f be (0 + 1)/(-1) - -457. Let j = f - 303. What are the prime factors of j?
3, 17
Let v(h) = -3*h**2 + 138*h - 33. List the prime factors of v(35).
2, 3, 11, 17
Let c(x) = -x**2 + 13*x + 16. Let n be c(14). Let f = n + 64. What are the prime factors of f?
2, 3, 11
Let g = -3 + 5. Suppose 25 = 5*h - 0*h. What are the prime factors of (2/h)/(g/70)?
2, 7
Let i(t) = -t**2 + 3*t + 7. Let h(k) = k**2 + 5*k + 5. Let j be h(-5). Let x be i(j). Let n(a) = -a**3 + a - 6. List the prime factors of n(x).
2, 3
Let x be ((-712)/(-6))/(2/12). Suppose -5*d + 0*d + 4*r = -901, -r - x = -4*d. List the prime factors of d.
3, 59
Let f = 58 + -41. Let n = f + 9. List the prime factors of n.
2, 13
Suppose 1 = -3*k + 7. Let d(n) = -5*n**3 - 2*n**2 + n - 1. Let o(i) = 16*i**3 + 5*i**2 - 2*i + 3. Let x(y) = -7*d(y) - 2*o(y). List the prime factors of x(k).
5, 7
Suppose 6*s = s + 30. What are the prime factors of 3/((s/560)/((-3)/(-12)))?
2, 5, 7
Let b(g) be the first derivative of -g**4/4 - 8*g**3 - 4*g**2 + 22*g + 34. What are the prime factors of b(-24)?
2, 107
Let l(o) = 5*o - 6. Suppose 5*z - 5 = 5*f, -z - z - 2*f = 6. Let n be z/((-3)/(-3 - -18)). What are the prime factors of l(n)?
19
Let x be (10 - 6)*(-1)/2. Let p = 141 + x. Suppose 5*j + 2*c = 153, -4*j + 3*c + p = 12. List the prime factors of j.
31
List the prime factors of (0 - 299)/((-14)/14).
13, 23
Let b(h) = -7*h**2 - 3*h - 1. Let w be b(-6). Let s = 372 + w. What are the prime factors of s?
137
Let i = -44 - -67. Let b = 38 - i. What are the prime factors of b?
3, 5
Suppose 3*w = -5*y + 27, -2*w - 5*y + 20 = -y. Let u(z) = 21*z**2 + z + 1. Let i be u(-1). Suppose -i = -w*h + h. List the prime factors of h.
7
Let d = -46 - -50. Suppose -229 = -4*t + 4*l - 57, d*t = l + 166. What are the prime factors of t?
41
Let n be (-3 + (-1 - -3))*-289. Suppose c - 553 = -4*z, -4*z - 3*c + n = -2*z. List the prime factors of z.
137
Suppose 0 = x + 2*a + 8, 11*x - 8*x - 5*a = -2. List the prime factors of 0 + 9/18 + (-754)/x.
3, 7
Let n(w) = -w - 7. Let v be n(-4). What are the prime factors of v/1 - (-966)/7?
3, 5
Suppose 3*j = 3*j + 10*j. Suppose 5*b - 532 - 563 = j. What are the prime factors of b?
3, 73
Suppose 1230*i - 2471 = 1223*i. What are the prime factors of i?
353
Let c be (-21)/(-5) + 4/(-20). Suppose -7*h + 3*h + 3*z = -17, 0 = 4*h + 3*z - 23. Let b = h + c. List the prime factors of b.
3
Let l be (-90)/8 + 7/28. Let d = l - -105. What are the prime factors of d?
2, 47
Let a be -94 - (-8)/12*3. Let d = a - -139. What are the prime factors of d?
47
Suppose 4*d - w - 787 - 1607 = 0, -2*d - 4*w = -1206. What are the prime factors of d?
599
Let w(j) = -3*j - 3 + 5*j + 23*j**2 + 1. What are the prime factors of w(1)?
23
Let f be ((-42)/(-12))/(1/(-10)). Let k be 71/(-4) + 1/(-4). Let m = k - f. What are the prime factors of m?
17
Let u = 3369 + -2400. List the prime factors of u.
3, 17, 19
Let g(l) = -73*l - 98. What are the prime factors of g(-4)?
2, 97
Let k(w) = 30*w**3 + 4*w**3 - 5 + 2*w**3 + 2. Let b(d) = 108*d**3 + d**2 + d - 10. Let s(t) = 2*b(t) - 7*k(t). List the prime factors of s(-1).
37
Let o = -30 - -47. Suppose 4*p = -g + o, 4*p - 4*g - 11 - 21 = 0. Suppose 82 = p*f + 17. List the prime factors of f.
13
Let l(c) = -c**3 - 38*c**2 + 100*c + 135. List the prime factors of l(-41).
2, 7, 11
Let d(r) = -r**3 + 16*r**2 - 12. What are the prime factors of d(10)?
2, 3, 7
Let w(q) = 2*q - 7. Let x be w(5). Suppose 10 = -5*c, -c = x*v - 